 Determine w(-17).
3
Let y(u) = -5 + 10 + 4*u**3 - 5*u**3 + 2 - 6*u - 5*u**3. What is y(1)?
-5
Let h(t) = -29*t + t**2 - 5*t - 39*t + 12*t**3 + 1 + 69*t. What is h(1)?
10
Let l(v) = v**2 - 3*v + 4 + 3*v - 10*v + 1. Let r(z) = -z**2 + 4*z - 1. Let f be r(3). Suppose -n + 5*p + 16 + 8 = 0, -f*p - 15 = -n. Give l(n).
-4
Suppose -3*n + 9 = -0*f + 3*f, -4*n - 12 = -4*f. Let a be (f/(-2))/(13/(-78)). Let r = a + -15. Let y(j) = -j - 6. Calculate y(r).
0
Let v(w) = w**3 + 6*w**2 + 8*w + 4. Let y = 1217 + -1223. Determine v(y).
-44
Suppose 2*m - 14 = -5*w - 151, 0 = m - 4*w + 36. Let x = m - -59. Let s(y) = -585 - y**2 + 3*y + 585. What is s(x)?
0
Let j(c) = 11*c + 16. Suppose -32*x + 27*x - 2 = 6*b, 4*b - 3*x + 14 = 0. What is j(b)?
-6
Let x(m) = -m**3 + 7*m**2 - 10. Let i = 21 - 9. Let z(n) = 4*n - 45. Let w be z(i). Suppose w*s - 13 = 8. What is x(s)?
-10
Let u = -257 - -261. Let v(a) = -4*a**2 - 4*a + a - 2*a**3 + u*a**3 - 5*a**3. Determine v(-2).
14
Let r(i) be the first derivative of i**4/4 - 7*i**3 - 13*i**2 - 5*i - 6325. Calculate r(22).
-93
Suppose 0 = 16*b - 31*b - 23 + 98. Let h(x) = 5*x - 12. Calculate h(b).
13
Let c(y) be the second derivative of y**5/20 + y**4/3 + 7*y**3/3 + y + 678. Calculate c(-3).
-33
Let k(b) = 2*b - 12. Let p be k(-2). Let h be (19 + p)/(6/106). Let u = h - 45. Let z(g) = g**3 - 7*g**2 - 9*g + 11. What is z(u)?
3
Let i(o) = -21*o**2 + o - 1. Let k = 122 - -7. Let q = -126 + k. Suppose 2*w - 4*t = 6, -q*w + 7 = 2*w - 2*t. Calculate i(w).
-21
Let v(o) = -2 + 308*o - 602*o - 4*o**2 + 318*o - 17. What is v(5)?
1
Suppose -5*g = -2*j - 12, -2*g + 0*j + 3 = j. Suppose 0 = -3*d + g*d + 5. Let q(n) = n**3 + d*n**2 - 1 + n**3 - n**3 + 4*n + 5. Determine q(-4).
4
Let h(t) be the third derivative of -5*t**4/24 + t**3/3 + 6*t**2 + 23*t - 10. Suppose 2*c - 30 = -3*c. Calculate h(c).
-28
Let s = -1413 + 1403. Let x(n) be the third derivative of 0*n + 0 - 3*n**2 + 1/60*n**5 + 5/12*n**4 + 1/6*n**3. What is x(s)?
1
Let o(a) = -a**3 - 2*a**2 + 6*a + 6. Let x(f) = -3*f**3 - 4278*f**2 + 4277*f**2 + 6*f + 4*f - 6*f - 4. Let q be x(1). Calculate o(q).
14
Let o = 18 + -54. Let h be 2/((-8)/o*3). Suppose z - 5*j - 12 = 0, 2*z = -j - h*j - 4. Let l(q) = q**3 - 2*q**2 - 1. Determine l(z).
-1
Let i(q) = -2*q - 20. Suppose -31 = 2*g + d, 3*d - 1710 = -4*g - 1771. Determine i(g).
12
Suppose -9*q - 12 = 24. Let k(v) = 3*v**2 + 26*v + 5. Let c(w) = -3*w**2 - 33*w - 6. Let p(x) = q*c(x) - 5*k(x). Let d = -3 - -4. Give p(d).
-2
Let g(v) = -v + 4. Let s(q) = q - 9. Let j be s(15). Suppose -2*o - z + j*z = -10, 0 = 2*o + 4*z + 26. What is g(o)?
9
Suppose -4*k + 100 = 88. Let q(y) = -1 - y**3 + 17*y**2 + k*y**3 - 15*y**2. Suppose -5*t - 14 + 4 = 0. Give q(t).
-9
Let f(b) = 3*b**2 - 31*b - 22. Let t(k) = -2*k**2 + 20*k + 11. Let d(q) = -3*f(q) - 5*t(q). Calculate d(10).
41
Let r(v) = -17986*v**2 - 28*v + 8999*v**2 - 95 + 8988*v**2. Calculate r(-3).
-2
Suppose -7*z + 2 = -12. Let x(q) = -1 + 808*q**2 - 809*q**z + 9*q - 6. Determine x(7).
7
Let x = -80 - -84. Let l(g) = -10*g - 2 - g + 14*g + x. Let f = -5 + 3. Give l(f).
-4
Let q = -539 - -541. Suppose 7*i + 8 = -2*y + 10*i, 4*y + i = -q. Let j(d) = -11*d**3 + 2*d**2 + 2*d + 1. What is j(y)?
12
Let o(m) = 2*m + 4. Let q(t) = -5*t + 32. Let i(n) = -9*n + 59. Let u(z) = 6*i(z) - 11*q(z). Let c(d) = 4*o(d) - 6*u(d). Determine c(-4).
-4
Let k(a) = a**3 - 3*a**2 + 5. Suppose -4*g - 53 - 687 = 0. Let z = g + 261. Let t be (-32)/144 - (0 + z/(-18)). What is k(t)?
21
Let d(z) = -z**3 - z**2 + 2*z - 2. Let u(a) = 4*a**3 + 10*a**2 - 12*a + 13. Let j(x) = -5*d(x) - u(x). Give j(4).
-11
Let l = 348 + -344. Let g(i) = -i + l*i + 2*i - 12*i - 9 + 6*i. Give g(-8).
-1
Let c(g) = -47*g**2 - 13*g + 7. Let j(n) = 45*n**2 + 11*n - 6. Let q(m) = -4*c(m) - 5*j(m). Calculate q(1).
-38
Let y(p) = 3*p**3 + p**2 + 3*p + 0*p - 95 + 6*p**2 + 87 - 2*p**3. What is y(-6)?
10
Let s be -9 - (-344 - 52)/33. Suppose 2*p = -0*p. Let t(c) = 0 + 5*c - 4 + p. What is t(s)?
11
Suppose -3*z - 269 = 2*f, -4*z - 3*f - 2*f - 368 = 0. Let b = 90 + z. Let l(u) = -u**2 + 5*u - 3. Give l(b).
3
Let r(o) = o**3 - 5*o**2 + 2*o - 1. Let n be r(5). Suppose -4*a - 5 = h, -13*a - 25 = -9*a + 5*h. Suppose a*y = -3*y - n. Let k(w) = -w - 7. Determine k(y).
-4
Let q(r) be the first derivative of 8*r**3/3 - 3*r**2/2 + 3*r + 137. Determine q(1).
8
Let d(p) = p**3 - 3*p**2 - 7*p + 5. Let v be (-8 - 4) + 51/3. Give d(v).
20
Suppose 0 = -4*h + l + 101, -4*h - l + 55 + 36 = 0. Suppose 4*s = -4*o - h, -3 = -3*s + 4*o + 7. Let q(r) = 3*r - 2. What is q(s)?
-8
Let q(f) be the second derivative of 7/2*f**2 - 8*f - 6 + 1/6*f**3. Suppose g + 1 + 8 = 0. Give q(g).
-2
Let i be 3/1*(-7)/(49/(-14)). Let v(c) = c**2 - 7*c - 6. Let t(d) = 1. Let h(o) = 4*t(o) + v(o). Determine h(i).
-8
Let s(b) be the third derivative of -b**4/12 - b**2. Let n(z) = 2*z**2 + z - 8. Let y be n(0). Let g be (45/36)/((-2)/y). Calculate s(g).
-10
Let x(f) = 87*f + 108*f - 298*f + 79*f + 1. Let i(j) = 13*j - 1. Let l(a) = -11*i(a) - 6*x(a). Determine l(-15).
-10
Let m(n) = 7*n**3 + 6*n**3 - 5*n**2 + n + 4*n**3 + 1 - 18*n**3 + 1. Give m(-5).
-3
Let p(m) = -280*m + 2621. Let f(u) = 186*u - 1730. Let y(t) = 11*f(t) + 7*p(t). Give y(8).
5
Let y(d) = 14*d - 84. Let u(k) = -27*k + 157. Let a(m) = 7*u(m) + 13*y(m). Give a(0).
7
Let a(m) = m**3 - 5*m**2 - 3*m + 3. Let j = 70 - 68. Let r be (-3)/j + (287/14 - 0). Suppose 20 = 23*t - r*t. Give a(t).
-12
Let w(k) be the third derivative of k**4/24 + 3*k**3/2 + 25*k**2. Let m be -1 + 3 + -4 - 3. Let l be w(m). Let s(t) = -t**3 + 3*t**2 + 3. Determine s(l).
-13
Let r(b) be the first derivative of -b**4/4 - 8*b**3/3 - 7*b**2/2 - 15*b + 2122. Calculate r(-7).
-15
Let f(l) = -l - l + 10 + 11 - 12 + 2. Give f(19).
-27
Suppose -4*y = -3*q + 8, -2*q + 7 = -3*y - 0*q. Let n(l) be the third derivative of -102*l**2 + 0 - 1/12*l**4 + 0*l + 1/6*l**3. Give n(y).
11
Let u(y) = 16*y + 50*y + 21*y - 15 - 84*y. Determine u(13).
24
Let b(l) = -122*l - 131*l + 504*l - 36 - 122*l - 124*l. Determine b(7).
-1
Let t(i) be the second derivative of 1/6*i**3 - 1/12*i**4 + 7/20*i**5 + 0 + 195*i - 1/2*i**2. Give t(1).
6
Let j = 94 + -80. Suppose 0 = j*a - 10*a + 124. Let w = 31 + a. Let y(i) = -i**2 - i - 23. Calculate y(w).
-23
Let p(s) be the first derivative of s**4/12 - 7*s**3/6 - 9*s**2/2 + s - 2. Let k(h) be the first derivative of p(h). Let d = 58625 + -58618. Determine k(d).
-9
Suppose -2*y + 4 = -4*r, -1 = -2*y - 4*r + 3. Suppose -118 = -y*l - 3*l + k, 2*l = -3*k + 54. Suppose 6*a - 3*a = -l. Let u(f) = -f**2 - 9*f - 7. What is u(a)?
1
Let z(k) = 5*k + 2*k + 6*k**2 + k**2 + 2 + 6*k - 8*k**2. Let y = -92 + 102. Determine z(y).
32
Let g(u) = -20*u - 138. Let p be (-1)/(-4) + (12 - 770/40). What is g(p)?
2
Let j(h) = 4*h - 22. Let g be j(5). Let r(d) = -384 + 197 + 190 + d. Calculate r(g).
1
Let u(d) = -2*d + 9. Let p(l) = 2*l**3 - 23*l**2 - 11*l - 8. Let c be p(12). Suppose 9 = 2*n + b, -c*b + 12 - 3 = -n. What is u(n)?
3
Let q(y) = 85*y - 5. Let f be q(2). Let r = f - 169. Let b(u) = 3*u + 4 - 1 - 5. Calculate b(r).
-14
Let k(v) = 9*v + 3. Let f(y) = -26*y - 8. Let r(h) = -5*f(h) - 14*k(h). Suppose -134 = 53*u + 25 + 53. Calculate r(u).
-18
Let u(b) = b**2 + 13*b + 16. Suppose 0 = -5*y + p - 2624, 5*y + 1526 = -3*p - 1082. Let w = y + 513. Determine u(w).
-6
Let k(i) = -3*i**3 + 2*i**2 - i - 5. Let u(q) = -q**3 - q - 1. Let m(z) = -k(z) + 2*u(z). Let r = 48899 - 48902. Calculate m(r).
-39
Let m(g) = 7 - g**2 + 5*g + 12 - 19 + 7. Let q(k) = k**2 + 2*k - 3. Let j be q(-4). Give m(j).
7
Suppose 3*b + f = 3*f + 560, 2*b + 4*f = 400. Let m = b - 198. Let o(v) = -v**3 - 7*v**2 + 9*v + 12. What is o(m)?
4
Let i(s) = s**3 + 5*s**2 - 5*s - 6. Let x(k) be the first derivative of 13*k**2/2 - 135*k - 52. Let j be x(10). What is i(j)?
19
Suppose -4*f + 18 = 5*l, -3*f = l - f. Let t(p) = -14*p + 91. Let m be t(l). Let x(z) = z. Give x(m).
7
Let h(c) = 11 + 13*c**2 + c**3 + 8 - 1286*c + 1300*c. Calculate h(-12).
-5
Suppose -5*s + u + 1020 = -0*s, 2*s - 408 = 5*u. Let y = 218 - s. Let d(p) = 2*p - 32. What is d(y)?
-4
Let p(q) = -7 - 2 - 1 - 9*q - 2 + q**2. Let w be p(10). Let c(z) be the first derivative of -2*z**3/3 - z**2/2 + z + 62. What is c(w)?
-5
Suppose -4*h - r = 4*r + 5, 4*r - 27 = 3